{"id":5,"date":"2012-06-16T14:07:57","date_gmt":"2012-06-16T13:07:57","guid":{"rendered":"http:\/\/www.monarchy.de\/blog\/?page_id=5"},"modified":"2025-04-15T15:05:48","modified_gmt":"2025-04-15T14:05:48","slug":"impressum","status":"publish","type":"page","link":"http:\/\/www.monarchy.de\/?page_id=5","title":{"rendered":"Hinweise"},"content":{"rendered":"<p><strong>Seitenbetreiber: <\/strong><br \/>\nDirk St\u00fcrzekarn<\/p>\n<h1 style=\"margin: 3em 0 0.5em 0;\">Urheberrechtsschutz<\/h1>\n<p style=\"text-align: justify;\">Die Texte, Bilder und sonstigen Inhalte dieser Seiten sind urheberrechtlich gesch\u00fctzt. Jegliche Nutzung der durch diese Seiten zur Verf\u00fcgung gestellten Inhalte hat, so weit keine andere Lizenz angegeben wurde, unter Beachtung der <a href=\"http:\/\/creativecommons.org\/licenses\/by-nc\/3.0\/de\/\" target=\"_blank\" rel=\"noopener\">Creative Commons Lizenz BY-NC 3.0<\/a> zu geschehen. Die Inhalte d\u00fcrfen nur unter Nennung des Autorennamens und ausschlie\u00dflich f\u00fcr nicht-kommerzielle Zwecke genutzt werden, soweit keine anders lautenden Absprachen vorliegen. Alle Texte ohne Autorenangabe unterliegen dem Urheberrecht des Seitenbetreibers.<\/p>\n<h1 style=\"margin: 3em 0 0.5em 0;\">Datenschutz<\/h1>\n<p style=\"text-align: justify;\">Beim Seitenaufruf werden f\u00fcr statistische Erhebungen Browsertyp und -version, das verwendete Betriebssystem, die Referer-URL (die Quelle eines Links) und die Uhrzeit der Anfrage erfasst.<\/p>\n","protected":false},"excerpt":{"rendered":"<p>Seitenbetreiber: Dirk St\u00fcrzekarn Urheberrechtsschutz Die Texte, Bilder und sonstigen Inhalte dieser Seiten sind urheberrechtlich gesch\u00fctzt. Jegliche Nutzung der durch diese Seiten zur Verf\u00fcgung gestellten Inhalte hat, so weit keine andere Lizenz angegeben wurde, unter Beachtung der Creative Commons Lizenz BY-NC 3.0 zu geschehen. Die Inhalte d\u00fcrfen nur unter Nennung des Autorennamens und ausschlie\u00dflich f\u00fcr nicht-kommerzielle [&hellip;]<\/p>\n","protected":false},"author":1,"featured_media":0,"parent":0,"menu_order":0,"comment_status":"closed","ping_status":"closed","template":"","meta":{"footnotes":""},"class_list":["post-5","page","type-page","status-publish","hentry"],"_links":{"self":[{"href":"http:\/\/www.monarchy.de\/index.php?rest_route=\/wp\/v2\/pages\/5","targetHints":{"allow":["GET"]}}],"collection":[{"href":"http:\/\/www.monarchy.de\/index.php?rest_route=\/wp\/v2\/pages"}],"about":[{"href":"http:\/\/www.monarchy.de\/index.php?rest_route=\/wp\/v2\/types\/page"}],"author":[{"embeddable":true,"href":"http:\/\/www.monarchy.de\/index.php?rest_route=\/wp\/v2\/users\/1"}],"replies":[{"embeddable":true,"href":"http:\/\/www.monarchy.de\/index.php?rest_route=%2Fwp%2Fv2%2Fcomments&post=5"}],"version-history":[{"count":13,"href":"http:\/\/www.monarchy.de\/index.php?rest_route=\/wp\/v2\/pages\/5\/revisions"}],"predecessor-version":[{"id":146,"href":"http:\/\/www.monarchy.de\/index.php?rest_route=\/wp\/v2\/pages\/5\/revisions\/146"}],"wp:attachment":[{"href":"http:\/\/www.monarchy.de\/index.php?rest_route=%2Fwp%2Fv2%2Fmedia&parent=5"}],"curies":[{"name":"wp","href":"https:\/\/api.w.org\/{rel}","templated":true}]}}